e the remainder when 16888 is divided by 1432.
1136
What is the remainder when 1232419 is divided by 1232340?
79
What is the remainder when 18945 is divided by 12348?
6597
What is the remainder when 2916404 is divided by 496?
420
What is the remainder when 130158 is divided by 1948?
1590
What is the remainder when 4316444 is divided by 8773?
128
What is the remainder when 3302044 is divided by 608?
604
What is the remainder when 898113 is divided by 20408?
161
What is the remainder when 16895221 is divided by 475?
421
Calculate the remainder when 7656739 is divided by 1226.
369
What is the remainder when 27525091 is divided by 216?
211
What is the remainder when 322513 is divided by 2386?
403
What is the remainder when 665317 is divided by 528?
37
Calculate the remainder when 981252 is divided by 11.
8
Calculate the remainder when 329195 is divided by 21.
20
Calculate the remainder when 1271007 is divided by 92.
27
What is the remainder when 379832 is divided by 423?
401
Calculate the remainder when 65516338 is divided by 67963.
6
Calculate the remainder when 313364 is divided by 6144.
20
Calculate the remainder when 16966910 is divided by 44300.
10
Calculate the remainder when 1415715 is divided by 2721.
795
Calculate the remainder when 6577 is divided by 87.
52
What is the remainder when 432497 is divided by 17?
0
Calculate the remainder when 43773 is divided by 107.
10
What is the remainder when 22969238 is divided by 63?
5
What is the remainder when 4463141 is divided by 21253?
11
Calculate the remainder when 643706 is divided by 494.
24
Calculate the remainder when 484947 is divided by 40394.
219
Calculate the remainder when 2818793 is divided by 30.
23
Calculate the remainder when 12871810 is divided by 38.
32
Calculate the remainder when 1261516 is divided by 630733.
50
Calculate the remainder when 47902596 is divided by 736963.
1
Calculate the remainder when 864382 is divided by 432178.
26
What is the remainder when 23391183 is divided by 5?
3
Calculate the remainder when 5051888 is divided by 38564.
4
Calculate the remainder when 1774101 is divided by 36.
21
What is the remainder when 394436 is divided by 36?
20
What is the remainder when 2242884 is divided by 747627?
3
What is the remainder when 13653542 is divided by 593631?
29
What is the remainder when 178405 is divided by 88252?
1901
What is the remainder when 59318 is divided by 667?
622
What is the remainder when 127759895 is divided by 1224?
1223
Calculate the remainder when 194931 is divided by 27835.
86
What is the remainder when 8865 is divided by 756?
549
Calculate the remainder when 45405378 is divided by 339.
57
Calculate the remainder when 5860913 is divided by 488409.
5
What is the remainder when 395923 is divided by 8607?
1
What is the remainder when 9407325 is divided by 3628?
3549
What is the remainder when 913677 is divided by 1774?
67
Calculate the remainder when 2747260 is divided by 915751.
7
Calculate the remainder when 35775112 is divided by 80.
72
Calculate the remainder when 416896 is divided by 69467.
94
What is the remainder when 86657 is divided by 43304?
49
Calculate the remainder when 2156537 is divided by 269567.
1
What is the remainder when 591653 is divided by 4?
1
What is the remainder when 15306 is divided by 13333?
1973
Calculate the remainder when 307967215 is divided by 8.
7
Calculate the remainder when 9024 is divided by 2987.
63
Calculate the remainder when 3938060 is divided by 561.
401
What is the remainder when 331 is divided by 53?
13
Calculate the remainder when 1505224 is divided by 478.
2
Calculate the remainder when 61198654 is divided by 16.
14
What is the remainder when 117904 is divided by 3589?
3056
What is the remainder when 2952452 is divided by 984124?
80
Calculate the remainder when 25941 is divided by 151.
120
Calculate the remainder when 329470 is divided by 18302.
34
Calculate the remainder when 32080 is divided by 28885.
3195
What is the remainder when 2301846 is divided by 332?
90
What is the remainder when 27466 is divided by 850?
266
What is the remainder when 2691661 is divided by 1564?
17
Calculate the remainder when 1958040 is divided by 391607.
5
What is the remainder when 43715 is divided by 814?
573
What is the remainder when 811750 is divided by 35293?
11
What is the remainder when 8597703 is divided by 130268?
15
What is the remainder when 250795 is divided by 17738?
2463
What is the remainder when 5710786 is divided by 1427695?
6
Calculate the remainder when 1059567 is divided by 40.
7
What is the remainder when 82002116 is divided by 27334035?
11
What is the remainder when 2121727 is divided by 6079?
156
Calculate the remainder when 8970507 is divided by 3481.
3451
What is the remainder when 211085504 is divided by 1927?
1924
Calculate the remainder when 194645 is divided by 194609.
36
Calculate the remainder when 12368 is divided by 3685.
1313
What is the remainder when 1579345 is divided by 623?
40
What is the remainder when 1822083 is divided by 136?
91
What is the remainder when 40831 is divided by 5514?
2233
What is the remainder when 149249 is divided by 1774?
233
What is the remainder when 233641 is divided by 6016?
5033
What is the remainder when 440342 is divided by 23?
7
Calculate the remainder when 5580235 is divided by 2790111.
13
What is the remainder when 2971277 is divided by 3463?
23
What is the remainder when 1250609817 is divided by 11140?
11137
What is the remainder when 7963574 is divided by 797?
747
Calculate the remainder when 582763 is divided by 194241.
40
Calculate the remainder when 2369467965 is divided by 56.
53
Calculate the remainder when 1649784 is divided by 7499.
4
What is the remainder when 1121295 is divided by 933?
762
Calculate the remainder when 699814 is divided by 231515.
5269
Calculate the remainder when 10141870 is divided by 52.
50
Calculate the remainder when 69574304 is divided by 46.
40
Calculate the remainder when 46099432 is divided by 258.
250
What is the remainder when 152600109 is divided by 2063?
2062
Calculate the remainder when 167011 is divided by 704.
163
What is the remainder when 4053577 is divided by 428?
417
What is the remainder when 1156266 is divided by 1525?
316
Calculate the remainder when 277640837 is divided by 2958.
2957
Calculate the remainder when 65695 is divided by 20698.
3601
What is the remainder when 1288275 is divided by 67778?
493
What is the remainder when 514471 is divided by 102590?
1521
Calculate the remainder when 36455 is divided by 816.
551
What is the remainder when 5311050 is divided by 69882?
18
Calculate the remainder when 158439822 is divided by 15.
12
Calculate the remainder when 4084798 is divided by 46.
44
Calculate the remainder when 662722 is divided by 2303.
1761
Calculate the remainder when 263455 is divided by 124597.
14261
Calculate the remainder when 5278117 is divided by 70.
47
What is the remainder when 49913 is divided by 47939?
1974
What is the remainder when 105060 is divided by 715?
670
What is the remainder when 14535997 is divided by 1264?
1261
What is the remainder when 62772263 is divided by 330?
323
What is the remainder when 606782 is divided by 42?
8
What is the remainder when 295131 is divided by 20365?
10021
Calculate the remainder when 27379455 is divided by 18.
15
Calculate the remainder when 140814152 is divided by 35203537.
4
Calculate the remainder when 67762212 is divided by 17955.
42
What is the remainder when 2369652 is divided by 592353?
240
Calculate the remainder when 6253576 is divided by 32.
8
Calculate the remainder when 777851 is divided by 3192.
2195
Calculate the remainder when 1023172 is divided by 242.
238
Calculate the remainder when 79410 is divided by 11.
1
What is the remainder when 349736 is divided by 1195?
796
Calculate the remainder when 28995485 is divided by 14497740.
5
What is the remainder when 238817 is divided by 59302?
1609
What is the remainder when 1509895 is divided by 140?
135
Calculate the remainder when 16582089 is divided by 49205.
4
What is the remainder when 2164948 is divided by 11896?
11772
What is the remainder when 3575785 is divided by 91685?
70
What is the remainder when 250445 is divided by 62535?
305
What is the remainder when 10672575 is divid